{"id":39,"date":"2025-05-21T12:53:12","date_gmt":"2025-05-21T10:53:12","guid":{"rendered":"https:\/\/wordpress2543496.home.pl\/autoinstalator\/wordpresspluslscache\/?page_id=39"},"modified":"2025-07-12T21:39:00","modified_gmt":"2025-07-12T19:39:00","slug":"romdachy-montaz-blachy-trapezowej","status":"publish","type":"page","link":"https:\/\/romdachy.com.pl\/?page_id=39","title":{"rendered":"Monta\u017c Blachy Trapezowej"},"content":{"rendered":"\t\t<div data-elementor-type=\"wp-page\" data-elementor-id=\"39\" class=\"elementor elementor-39\" data-elementor-post-type=\"page\">\n\t\t\t\t<div class=\"elementor-element elementor-element-9ecd2bf e-flex e-con-boxed e-con e-parent\" data-id=\"9ecd2bf\" data-element_type=\"container\">\n\t\t\t\t\t<div class=\"e-con-inner\">\n\t\t\t\t<div class=\"elementor-element elementor-element-f91fbc6 elementor-widget elementor-widget-html\" data-id=\"f91fbc6\" data-element_type=\"widget\" id=\"Monta\u017c Blachy Trapezowej\" data-widget_type=\"html.default\">\n\t\t\t\t<div class=\"elementor-widget-container\">\n\t\t\t\t\t<section class=\"service-flex-section\">\r\n  <div class=\"service-text\">\r\n    <h2>Monta\u017c Blachy Trapezowej<\/h2>\r\n    <p class=\"intro\">\r\n      Blacha trapezowa to nowoczesne, trwa\u0142e i ekonomiczne rozwi\u0105zanie dla hal, magazyn\u00f3w i obiekt\u00f3w przemys\u0142owych.\r\n    <\/p>\r\n    <p>Oferujemy:<\/p>\r\n    <ul>\r\n      <li>Precyzyjny monta\u017c pod potrzeby obiektu<\/li>\r\n      <li>Blachy od renomowanych producent\u00f3w<\/li>\r\n      \r\n      <li>Pe\u0142ne zabezpieczenie antykorozyjne<\/li>\r\n      <li>Uszczelnienie i wyko\u0144czenie na najwy\u017cszym poziomie<\/li>\r\n    <\/ul>\r\n    <h4>Zalety:<\/h4>\r\n    <ul>\r\n      <li>Wysoka odporno\u015b\u0107 mechaniczna<\/li>\r\n      <li>Do 50 lat trwa\u0142o\u015bci<\/li>\r\n      <li>Minimalne koszty utrzymania<\/li>\r\n      <li>Estetyczne wyko\u0144czenie<\/li>\r\n    <\/ul>\r\n    <a href=\"tel:+48791586767\" class=\"cta-button\">Zadzwo\u0144 teraz<\/a>\r\n\r\n  <\/div>\r\n\r\n  <div class=\"service-image\">\r\n    <img decoding=\"async\" src=\"https:\/\/romdachy.com.pl\/wp-content\/uploads\/2025\/05\/Bez-nazwy-Witryna-internetowa-1.jpg\" alt=\"Blacha trapezowa - monta\u017c dachu\">\r\n  <\/div>\r\n<\/section>\r\n\t\t\t\t<\/div>\n\t\t\t\t<\/div>\n\t\t\t\t\t<\/div>\n\t\t\t\t<\/div>\n\t\t<div class=\"elementor-element elementor-element-62f3b00d e-flex e-con-boxed e-con e-parent\" data-id=\"62f3b00d\" data-element_type=\"container\" data-settings=\"{&quot;background_background&quot;:&quot;classic&quot;}\">\n\t\t\t\t\t<div class=\"e-con-inner\">\n\t\t<div class=\"elementor-element elementor-element-6709bb71 e-con-full e-flex e-con e-child\" data-id=\"6709bb71\" data-element_type=\"container\">\n\t\t<div class=\"elementor-element elementor-element-6991fb69 e-con-full e-flex e-con e-child\" data-id=\"6991fb69\" data-element_type=\"container\">\n\t\t<div class=\"elementor-element elementor-element-19e3dea2 e-con-full e-flex e-con e-child\" data-id=\"19e3dea2\" data-element_type=\"container\">\n\t\t\t\t<div class=\"elementor-element elementor-element-74384fbd elementor-widget elementor-widget-image\" data-id=\"74384fbd\" data-element_type=\"widget\" data-widget_type=\"image.default\">\n\t\t\t\t<div class=\"elementor-widget-container\">\n\t\t\t\t\t\t\t\t\t\t\t\t\t\t\t\t<a href=\"https:\/\/wpmet.com\/plugin\/elementskit\/charity\/\">\n\t\t\t\t\t\t\t<img fetchpriority=\"high\" decoding=\"async\" width=\"500\" height=\"137\" src=\"https:\/\/romdachy.com.pl\/wp-content\/uploads\/2025\/05\/Bez-tytulu.png\" class=\"attachment-large size-large wp-image-90\" alt=\"\" srcset=\"https:\/\/romdachy.com.pl\/wp-content\/uploads\/2025\/05\/Bez-tytulu.png 500w, https:\/\/romdachy.com.pl\/wp-content\/uploads\/2025\/05\/Bez-tytulu-300x82.png 300w\" sizes=\"(max-width: 500px) 100vw, 500px\" \/>\t\t\t\t\t\t\t\t<\/a>\n\t\t\t\t\t\t\t\t\t\t\t\t\t\t\t<\/div>\n\t\t\t\t<\/div>\n\t\t\t\t<div class=\"elementor-element elementor-element-44653326 elementor-list-item-link-full_width elementor-widget elementor-widget-icon-list\" data-id=\"44653326\" data-element_type=\"widget\" style=\"\" data-widget_type=\"icon-list.default\">\n\t\t\t\t<div class=\"elementor-widget-container\">\n\t\t\t\t\t\t\t<ul class=\"elementor-icon-list-items\">\n\t\t\t\t\t\t\t<li class=\"elementor-icon-list-item\">\n\t\t\t\t\t\t\t\t\t\t\t<a href=\"https:\/\/g.co\/kgs\/EpAqanz\">\n\n\t\t\t\t\t\t\t\t\t\t\t<span class=\"elementor-icon-list-text\">os.Hipolita Cegielskiego 5\/19, 62-020 Swarz\u0119dz<\/span>\n\t\t\t\t\t\t\t\t\t\t\t<\/a>\n\t\t\t\t\t\t\t\t\t<\/li>\n\t\t\t\t\t\t\t\t<li class=\"elementor-icon-list-item\">\n\t\t\t\t\t\t\t\t\t\t\t<a href=\"tel:+48791586767\">\n\n\t\t\t\t\t\t\t\t\t\t\t<span class=\"elementor-icon-list-text\">+48 791 586 767     <\/span>\n\t\t\t\t\t\t\t\t\t\t\t<\/a>\n\t\t\t\t\t\t\t\t\t<\/li>\n\t\t\t\t\t\t\t\t<li class=\"elementor-icon-list-item\">\n\t\t\t\t\t\t\t\t\t\t\t<a href=\"tel:+48794070140\">\n\n\t\t\t\t\t\t\t\t\t\t\t<span class=\"elementor-icon-list-text\">+48 794 070 140<\/span>\n\t\t\t\t\t\t\t\t\t\t\t<\/a>\n\t\t\t\t\t\t\t\t\t<\/li>\n\t\t\t\t\t\t<\/ul>\n\t\t\t\t\t\t<\/div>\n\t\t\t\t<\/div>\n\t\t\t\t<div class=\"elementor-element elementor-element-5db95e5b elementor-widget elementor-widget-html\" data-id=\"5db95e5b\" data-element_type=\"widget\" data-widget_type=\"html.default\">\n\t\t\t\t<div class=\"elementor-widget-container\">\n\t\t\t\t\t<a href=\"mailto:Romdachy11251983@Gmail.Com\" style=\"text-transform: lowercase; color: white; background-color: black; text-decoration: none; display: inline-block; padding: 4px 0;\">\r\n  Romdachy11251983@Gmail.Com\r\n<\/a>\r\n\t\t\t\t<\/div>\n\t\t\t\t<\/div>\n\t\t\t\t<\/div>\n\t\t<div class=\"elementor-element elementor-element-57a6afaf e-con-full e-flex e-con e-child\" data-id=\"57a6afaf\" data-element_type=\"container\">\n\t\t\t\t<div class=\"elementor-element elementor-element-77532993 elementor-widget elementor-widget-elementskit-heading\" data-id=\"77532993\" data-element_type=\"widget\" data-widget_type=\"elementskit-heading.default\">\n\t\t\t\t<div class=\"elementor-widget-container\">\n\t\t\t\t\t<div class=\"ekit-wid-con\" ><div class=\"ekit-heading elementskit-section-title-wraper text_left   ekit_heading_tablet-   ekit_heading_mobile-\"><h3 class=\"ekit-heading--title elementskit-section-title \"> Szybkie linki:<\/h3><\/div><\/div>\t\t\t\t<\/div>\n\t\t\t\t<\/div>\n\t\t\t\t<div class=\"elementor-element elementor-element-2ca9c9f8 elementor-icon-list--layout-traditional elementor-list-item-link-full_width elementor-widget elementor-widget-icon-list\" data-id=\"2ca9c9f8\" data-element_type=\"widget\" data-widget_type=\"icon-list.default\">\n\t\t\t\t<div class=\"elementor-widget-container\">\n\t\t\t\t\t\t\t<ul class=\"elementor-icon-list-items\">\n\t\t\t\t\t\t\t<li class=\"elementor-icon-list-item\">\n\t\t\t\t\t\t\t\t\t\t\t<a href=\"\/\">\n\n\t\t\t\t\t\t\t\t\t\t\t<span class=\"elementor-icon-list-text\">Strona G\u0142\u00f3wna<\/span>\n\t\t\t\t\t\t\t\t\t\t\t<\/a>\n\t\t\t\t\t\t\t\t\t<\/li>\n\t\t\t\t\t\t\t\t<li class=\"elementor-icon-list-item\">\n\t\t\t\t\t\t\t\t\t\t\t<a href=\"\/#nasze%20us\u0142ugi\">\n\n\t\t\t\t\t\t\t\t\t\t\t<span class=\"elementor-icon-list-text\">Nasze Us\u0142ugi<\/span>\n\t\t\t\t\t\t\t\t\t\t\t<\/a>\n\t\t\t\t\t\t\t\t\t<\/li>\n\t\t\t\t\t\t\t\t<li class=\"elementor-icon-list-item\">\n\t\t\t\t\t\t\t\t\t\t\t<a href=\"\/#o%20firmie\">\n\n\t\t\t\t\t\t\t\t\t\t\t<span class=\"elementor-icon-list-text\">O Firmie<\/span>\n\t\t\t\t\t\t\t\t\t\t\t<\/a>\n\t\t\t\t\t\t\t\t\t<\/li>\n\t\t\t\t\t\t\t\t<li class=\"elementor-icon-list-item\">\n\t\t\t\t\t\t\t\t\t\t\t<a href=\"\/#Portfolio\">\n\n\t\t\t\t\t\t\t\t\t\t\t<span class=\"elementor-icon-list-text\">Realizacje<\/span>\n\t\t\t\t\t\t\t\t\t\t\t<\/a>\n\t\t\t\t\t\t\t\t\t<\/li>\n\t\t\t\t\t\t\t\t<li class=\"elementor-icon-list-item\">\n\t\t\t\t\t\t\t\t\t\t\t<a href=\"\/#opinie%20klient\u00f3w\">\n\n\t\t\t\t\t\t\t\t\t\t\t<span class=\"elementor-icon-list-text\">Opinie Klient\u00f3w<\/span>\n\t\t\t\t\t\t\t\t\t\t\t<\/a>\n\t\t\t\t\t\t\t\t\t<\/li>\n\t\t\t\t\t\t\t\t<li class=\"elementor-icon-list-item\">\n\t\t\t\t\t\t\t\t\t\t\t<a href=\"\/#kontakt\">\n\n\t\t\t\t\t\t\t\t\t\t\t<span class=\"elementor-icon-list-text\">Kontakt<\/span>\n\t\t\t\t\t\t\t\t\t\t\t<\/a>\n\t\t\t\t\t\t\t\t\t<\/li>\n\t\t\t\t\t\t<\/ul>\n\t\t\t\t\t\t<\/div>\n\t\t\t\t<\/div>\n\t\t\t\t<\/div>\n\t\t<div class=\"elementor-element elementor-element-11e499e3 e-con-full e-flex e-con e-child\" data-id=\"11e499e3\" data-element_type=\"container\">\n\t\t\t\t<div class=\"elementor-element elementor-element-44145b10 elementor-widget elementor-widget-elementskit-heading\" data-id=\"44145b10\" data-element_type=\"widget\" data-widget_type=\"elementskit-heading.default\">\n\t\t\t\t<div class=\"elementor-widget-container\">\n\t\t\t\t\t<div class=\"ekit-wid-con\" ><div class=\"ekit-heading elementskit-section-title-wraper text_left   ekit_heading_tablet-   ekit_heading_mobile-\"><h3 class=\"ekit-heading--title elementskit-section-title \">Zaobserwuj nas<\/h3><\/div><\/div>\t\t\t\t<\/div>\n\t\t\t\t<\/div>\n\t\t\t\t<div class=\"elementor-element elementor-element-2d0cd55 elementor-widget elementor-widget-elementskit-heading\" data-id=\"2d0cd55\" data-element_type=\"widget\" data-widget_type=\"elementskit-heading.default\">\n\t\t\t\t<div class=\"elementor-widget-container\">\n\t\t\t\t\t<div class=\"ekit-wid-con\" ><div class=\"ekit-heading elementskit-section-title-wraper text_left   ekit_heading_tablet-   ekit_heading_mobile-\">\t\t\t\t<div class='ekit-heading__description'>\n\t\t\t\t\t<p>\u015aled\u017a nas w mediach spo\u0142eczno\u015bciowych:<\/p>\n\t\t\t\t<\/div>\n\t\t\t<\/div><\/div>\t\t\t\t<\/div>\n\t\t\t\t<\/div>\n\t\t\t\t<div class=\"elementor-element elementor-element-57a993d6 elementor-widget elementor-widget-elementskit-social-media\" data-id=\"57a993d6\" data-element_type=\"widget\" data-widget_type=\"elementskit-social-media.default\">\n\t\t\t\t<div class=\"elementor-widget-container\">\n\t\t\t\t\t<div class=\"ekit-wid-con\" >\t\t\t <ul class=\"ekit_social_media\">\n\t\t\t\t\t\t\t\t\t\t\t\t\t\t<li class=\"elementor-repeater-item-b11cb7b\">\n\t\t\t\t\t    <a\n\t\t\t\t\t\thref=\"https:\/\/www.facebook.com\/share\/1Fojn2ZJEM\/?mibextid=wwXIfr\" aria-label=\"Facebook\" class=\"facebook\" >\n\t\t\t\t\t\t\t\t\t\t\t\t\t\t\n\t\t\t\t\t\t\t<i aria-hidden=\"true\" class=\"icon icon-facebook\"><\/i>\t\t\t\t\t\t\t\t\t\n                                                                                                            <\/a>\n                    <\/li>\n                    \t\t\t\t\t\t\t\t\t\t\t\t\t\t<li class=\"elementor-repeater-item-46317af\">\n\t\t\t\t\t    <a\n\t\t\t\t\t\thref=\"https:\/\/www.facebook.com\/share\/1Fojn2ZJEM\/?mibextid=wwXIfr\" aria-label=\"Insta\" class=\"instagram\" >\n\t\t\t\t\t\t\t\t\t\t\t\t\t\t\n\t\t\t\t\t\t\t<svg aria-hidden=\"true\" class=\"e-font-icon-svg e-fab-instagram\" viewBox=\"0 0 448 512\" xmlns=\"http:\/\/www.w3.org\/2000\/svg\"><path d=\"M224.1 141c-63.6 0-114.9 51.3-114.9 114.9s51.3 114.9 114.9 114.9S339 319.5 339 255.9 287.7 141 224.1 141zm0 189.6c-41.1 0-74.7-33.5-74.7-74.7s33.5-74.7 74.7-74.7 74.7 33.5 74.7 74.7-33.6 74.7-74.7 74.7zm146.4-194.3c0 14.9-12 26.8-26.8 26.8-14.9 0-26.8-12-26.8-26.8s12-26.8 26.8-26.8 26.8 12 26.8 26.8zm76.1 27.2c-1.7-35.9-9.9-67.7-36.2-93.9-26.2-26.2-58-34.4-93.9-36.2-37-2.1-147.9-2.1-184.9 0-35.8 1.7-67.6 9.9-93.9 36.1s-34.4 58-36.2 93.9c-2.1 37-2.1 147.9 0 184.9 1.7 35.9 9.9 67.7 36.2 93.9s58 34.4 93.9 36.2c37 2.1 147.9 2.1 184.9 0 35.9-1.7 67.7-9.9 93.9-36.2 26.2-26.2 34.4-58 36.2-93.9 2.1-37 2.1-147.8 0-184.8zM398.8 388c-7.8 19.6-22.9 34.7-42.6 42.6-29.5 11.7-99.5 9-132.1 9s-102.7 2.6-132.1-9c-19.6-7.8-34.7-22.9-42.6-42.6-11.7-29.5-9-99.5-9-132.1s-2.6-102.7 9-132.1c7.8-19.6 22.9-34.7 42.6-42.6 29.5-11.7 99.5-9 132.1-9s102.7-2.6 132.1 9c19.6 7.8 34.7 22.9 42.6 42.6 11.7 29.5 9 99.5 9 132.1s2.7 102.7-9 132.1z\"><\/path><\/svg>\t\t\t\t\t\t\t\t\t\n                                                                                                            <\/a>\n                    <\/li>\n                    \t\t\t\t\t\t\t<\/ul>\n\t\t<\/div>\t\t\t\t<\/div>\n\t\t\t\t<\/div>\n\t\t\t\t<\/div>\n\t\t\t\t<\/div>\n\t\t<div class=\"elementor-element elementor-element-2def198f e-con-full e-flex e-con e-child\" data-id=\"2def198f\" data-element_type=\"container\">\n\t\t<div class=\"elementor-element elementor-element-323c4ca6 e-con-full e-flex e-con e-child\" data-id=\"323c4ca6\" data-element_type=\"container\">\n\t\t\t\t<div class=\"elementor-element elementor-element-7c801849 elementor-widget__width-auto elementor-widget elementor-widget-elementskit-heading\" data-id=\"7c801849\" data-element_type=\"widget\" data-widget_type=\"elementskit-heading.default\">\n\t\t\t\t<div class=\"elementor-widget-container\">\n\t\t\t\t\t<div class=\"ekit-wid-con\" ><div class=\"ekit-heading elementskit-section-title-wraper text_center   ekit_heading_tablet-   ekit_heading_mobile-text_center\"><p class=\"ekit-heading--title elementskit-section-title \">\u00a9 Copyright 2025 -- All Right Reserved<\/p><\/div><\/div>\t\t\t\t<\/div>\n\t\t\t\t<\/div>\n\t\t\t\t<\/div>\n\t\t\t\t<\/div>\n\t\t\t\t<\/div>\n\t\t\t\t\t<\/div>\n\t\t\t\t<\/div>\n\t\t\t\t<\/div>\n\t\t","protected":false},"excerpt":{"rendered":"<p>Monta\u017c Blachy Trapezowej Blacha trapezowa to nowoczesne, trwa\u0142e i ekonomiczne rozwi\u0105zanie dla hal, magazyn\u00f3w i obiekt\u00f3w przemys\u0142owych. Oferujemy: Precyzyjny monta\u017c pod potrzeby obiektu Blachy od renomowanych producent\u00f3w Pe\u0142ne zabezpieczenie antykorozyjne Uszczelnienie i wyko\u0144czenie na najwy\u017cszym poziomie Zalety: Wysoka odporno\u015b\u0107 mechaniczna Do 50 lat trwa\u0142o\u015bci Minimalne koszty utrzymania Estetyczne wyko\u0144czenie Zadzwo\u0144 teraz os.Hipolita Cegielskiego 5\/19, 62-020 [&hellip;]<\/p>\n","protected":false},"author":1,"featured_media":0,"parent":9,"menu_order":3,"comment_status":"closed","ping_status":"closed","template":"","meta":{"footnotes":""},"class_list":["post-39","page","type-page","status-publish","hentry"],"_links":{"self":[{"href":"https:\/\/romdachy.com.pl\/index.php?rest_route=\/wp\/v2\/pages\/39","targetHints":{"allow":["GET"]}}],"collection":[{"href":"https:\/\/romdachy.com.pl\/index.php?rest_route=\/wp\/v2\/pages"}],"about":[{"href":"https:\/\/romdachy.com.pl\/index.php?rest_route=\/wp\/v2\/types\/page"}],"author":[{"embeddable":true,"href":"https:\/\/romdachy.com.pl\/index.php?rest_route=\/wp\/v2\/users\/1"}],"replies":[{"embeddable":true,"href":"https:\/\/romdachy.com.pl\/index.php?rest_route=%2Fwp%2Fv2%2Fcomments&post=39"}],"version-history":[{"count":37,"href":"https:\/\/romdachy.com.pl\/index.php?rest_route=\/wp\/v2\/pages\/39\/revisions"}],"predecessor-version":[{"id":1028,"href":"https:\/\/romdachy.com.pl\/index.php?rest_route=\/wp\/v2\/pages\/39\/revisions\/1028"}],"up":[{"embeddable":true,"href":"https:\/\/romdachy.com.pl\/index.php?rest_route=\/wp\/v2\/pages\/9"}],"wp:attachment":[{"href":"https:\/\/romdachy.com.pl\/index.php?rest_route=%2Fwp%2Fv2%2Fmedia&parent=39"}],"curies":[{"name":"wp","href":"https:\/\/api.w.org\/{rel}","templated":true}]}}